{"id":2,"date":"2024-08-22T17:55:03","date_gmt":"2024-08-22T17:55:03","guid":{"rendered":"http:\/\/schreibtischorganisation-zuruckzurschule.eu\/?page_id=2"},"modified":"2024-08-30T12:34:27","modified_gmt":"2024-08-30T12:34:27","slug":"zuruck-zur-schule","status":"publish","type":"page","link":"https:\/\/schreibtischorganisation-zuruckzurschule.eu\/","title":{"rendered":"Schreibtisch-fertig &#8211; Vorbereitungen f\u00fcr die Zur\u00fcck zur Schule-Saison"},"content":{"rendered":"\n<p>Wenn die Sommersonne jeden Abend ein wenig fr\u00fcher untergeht, r\u00fcckt die unvermeidliche R\u00fcckkehr zu Schulglocken und Stundenpl\u00e4nen n\u00e4her. Ob Sie nun ein Student sind, der sich auf ein neues Semester vorbereitet, oder ein Berufst\u00e4tiger, der seinen Arbeitsplatz f\u00fcr gesteigerte Herbstproduktivit\u00e4t aufpoliert \u2013 jetzt ist der perfekte Zeitpunkt, Ihren Arbeitsbereich zu erneuern. Was w\u00e4re ein besserer Start als der Zur\u00fcck zur Schule-Verkauf? Lassen Sie uns Ihre Umgebung in ein Zentrum der Produktivit\u00e4t verwandeln, wobei wir Umweltfreundlichkeit und Stil nicht au\u00dfer Acht lassen.<\/p>\n\n\n\n<figure class=\"wp-block-gallery has-nested-images columns-default is-cropped wp-block-gallery-1 is-layout-flex wp-block-gallery-is-layout-flex\">\n<figure class=\"wp-block-image size-large\"><img loading=\"lazy\" decoding=\"async\" width=\"1024\" height=\"768\" data-id=\"9\" src=\"https:\/\/schreibtischorganisation-zuruckzurschule.eu\/wp-content\/uploads\/2024\/08\/nick-morrison-FHnnjk1Yj7Y-unsplash-1024x768.jpg\" alt=\"Schreibtisch, Zur\u00fcck zur Schule-Essentials\" class=\"wp-image-9\" srcset=\"https:\/\/schreibtischorganisation-zuruckzurschule.eu\/wp-content\/uploads\/2024\/08\/nick-morrison-FHnnjk1Yj7Y-unsplash-1024x768.jpg 1024w, https:\/\/schreibtischorganisation-zuruckzurschule.eu\/wp-content\/uploads\/2024\/08\/nick-morrison-FHnnjk1Yj7Y-unsplash-300x225.jpg 300w, https:\/\/schreibtischorganisation-zuruckzurschule.eu\/wp-content\/uploads\/2024\/08\/nick-morrison-FHnnjk1Yj7Y-unsplash-768x576.jpg 768w, https:\/\/schreibtischorganisation-zuruckzurschule.eu\/wp-content\/uploads\/2024\/08\/nick-morrison-FHnnjk1Yj7Y-unsplash-1536x1152.jpg 1536w, https:\/\/schreibtischorganisation-zuruckzurschule.eu\/wp-content\/uploads\/2024\/08\/nick-morrison-FHnnjk1Yj7Y-unsplash-2048x1536.jpg 2048w\" sizes=\"(max-width: 1024px) 100vw, 1024px\" \/><\/figure>\n<\/figure>\n\n\n\n<h2 class=\"wp-block-heading\">Zur\u00fcck zur Schule-Essentials &#8211; Aufwertung Ihres Arbeitsplatzes<\/h2>\n\n\n\n<p>Zu Beginn sprechen wir \u00fcber den Ort, an dem die Magie geschieht: Ihren Schreibtisch. Wenn Sie immer noch diesen wackeligen alten Tisch benutzen oder die provisorische Ecke Ihres Esszimmers, dann h\u00f6ren Sie genau zu! Ein Stehpult ist nicht nur ein modisches M\u00f6belst\u00fcck; es ist ein Spielwechsler. Stellen Sie sich vor: Einen Tag stehen Sie und trainieren Ihre Waden, den n\u00e4chsten sitzen Sie \u2013 in jedem Fall sind Sie immer bereit f\u00fcr Produktivit\u00e4t. Und hier kommt der Clou \u2013 ein klassischer Schreibtisch, erg\u00e4nzt durch modulare Schubladen, wird Ihr Organisationsniveau maximal steigern!<\/p>\n\n\n\n<h2 class=\"wp-block-heading\">Zur\u00fcck zur Schule-Organisation mit modularem Zauber<\/h2>\n\n\n\n<p>Haben Sie schon einmal das Sprichwort geh\u00f6rt, Ein aufger\u00e4umter Schreibtisch bedeutet einen aufger\u00e4umten Geist? Nun, es gibt keine bessere Zeit, dies zu leben, als w\u00e4hrend der Zur\u00fcck zur Schule-Saison. Modulare Schubladen sind nicht nur K\u00e4sten zum Verstauen Ihrer Sachen; sie sind die stillen Helden. Sie sind so konzipiert, dass sie perfekt unter Ihr Stehpult oder Ihren klassischen Schreibtisch passen. Diese praktischen Einheiten sind ideale Erg\u00e4nzungen zu einem Schreibtischregal, f\u00fcgen sich nahtlos ein und bieten reichlich Stauraum. Sie k\u00f6nnen sich von den Tagen verabschieden, an denen Sie verzweifelt nach verloren geglaubten Gegenst\u00e4nden unter Papierstapeln gesucht haben.<\/p>\n\n\n\n<h2 class=\"wp-block-heading\">Zur\u00fcck zur Schule-Technik &#8211; der St\u00e4nder, der herausragt<\/h2>\n\n\n\n<p>Nun zu etwas, das vielleicht eine Offenbarung f\u00fcr Ihre Schreibtischkonfiguration sein wird. Ein Laptopst\u00e4nder. Aber nicht irgendeiner \u2013 einer, der \u00e4sthetisch perfekt zu Ihrem MacBook passt. Es ist, als w\u00e4re dieser St\u00e4nder speziell mit jedem Winkel und jeder Kurve Ihres Ger\u00e4tes im Sinn entwickelt worden, und verspricht nicht nur einen erh\u00f6hten Stil, sondern auch verbesserte Ergonomie. Verabschieden Sie sich von Nackenschmerzen und begr\u00fc\u00dfen Sie einen komfortableren Blickwinkel!<\/p>\n\n\n\n<h2 class=\"wp-block-heading\">Zur\u00fcck zur Schule &#8211; stilvoll aufladen<\/h2>\n\n\n\n<p>In unserer heutigen Welt, in der jedes Ger\u00e4t eine entscheidende Rolle in unserer t\u00e4glichen Produktivit\u00e4t spielt, ist es unerl\u00e4sslich, immer aufgeladen zu bleiben. Treten Sie ein in die Welt der MagSafe-Zubeh\u00f6re. Stellen Sie sich einen Magnetic Charging Apple Watch Stand vor, der nicht nur Ihre Uhr aufl\u00e4dt, sondern dies mit der Eleganz eines Ballettt\u00e4nzers tut \u2013 anmutig und effizient. Diese Zubeh\u00f6rteile sind nicht nur funktional; sie verleihen Ihrem Arbeitsplatz eine Prise Raffinesse und sorgen daf\u00fcr, dass Ihre Ger\u00e4te immer einsatzbereit sind.<\/p>\n\n\n\n<figure class=\"wp-block-image size-large\"><img loading=\"lazy\" decoding=\"async\" width=\"1024\" height=\"683\" src=\"https:\/\/schreibtischorganisation-zuruckzurschule.eu\/wp-content\/uploads\/2024\/08\/dylan-gillis-KdeqA3aTnBY-unsplash-1024x683.jpg\" alt=\"Zur\u00fcck zur Schule-Organisation\" class=\"wp-image-10\" srcset=\"https:\/\/schreibtischorganisation-zuruckzurschule.eu\/wp-content\/uploads\/2024\/08\/dylan-gillis-KdeqA3aTnBY-unsplash-1024x683.jpg 1024w, https:\/\/schreibtischorganisation-zuruckzurschule.eu\/wp-content\/uploads\/2024\/08\/dylan-gillis-KdeqA3aTnBY-unsplash-300x200.jpg 300w, https:\/\/schreibtischorganisation-zuruckzurschule.eu\/wp-content\/uploads\/2024\/08\/dylan-gillis-KdeqA3aTnBY-unsplash-768x512.jpg 768w, https:\/\/schreibtischorganisation-zuruckzurschule.eu\/wp-content\/uploads\/2024\/08\/dylan-gillis-KdeqA3aTnBY-unsplash-1536x1024.jpg 1536w, https:\/\/schreibtischorganisation-zuruckzurschule.eu\/wp-content\/uploads\/2024\/08\/dylan-gillis-KdeqA3aTnBY-unsplash-2048x1365.jpg 2048w\" sizes=\"(max-width: 1024px) 100vw, 1024px\" \/><\/figure>\n\n\n\n<h2 class=\"wp-block-heading\">Alles zusammenbringen f\u00fcr Zur\u00fcck zur Schule<\/h2>\n\n\n\n<p>Wenn wir die G\u00e4nge voller Optionen durchschreiten, um Ihren Arbeitsplatz f\u00fcr die Zur\u00fcck zur Schule-Saison klug einzurichten, wird klar, dass jedes Puzzleteil seinen Platz hat. Vom ergonomischen Charme eines Stehpults bis zur schlanken Funktionalit\u00e4t von MagSafe-Zubeh\u00f6r, die Einrichtung Ihres Raumes ist mehr als nur eine Pflicht; es ist die Chance, eine Umgebung zu schaffen, die sowohl Ihre Bed\u00fcrfnisse als auch Ihren Stil widerspiegelt.<\/p>\n\n\n\n<h2 class=\"wp-block-heading\">Intelligente R\u00e4ume f\u00fcr intelligentere Gesichter<\/h2>\n\n\n\n<p>Also, was h\u00e4lt Sie noch? Mit 20% Rabatt auf alles bietet der <a href=\"https:\/\/oakywood.shop\/de-de\/collections\/back-to-school\"><strong>Zur\u00fcck zur Schule-Verkauf<\/strong><\/a> Ihnen das Tor, nicht nur Ihre Produktivit\u00e4tsziele zu erreichen, sondern sie zu \u00fcbertreffen. Egal, ob Sie eine Ecke Ihres Schlafzimmers in eine Pr\u00fcfungsvorbereitungszone verwandeln oder Ihr Home-Office renovieren, Oakywood steht Ihnen zur Seite. Machen Sie Ihren Arbeitsplatz schlauer, r\u00fcsten Sie Ihren Schreibtisch auf und lassen Sie uns dieses Schuljahr zu einem f\u00fcr die B\u00fccher machen. Ist es nicht an der Zeit, dass Ihr Schreibtisch ein Upgrade erh\u00e4lt, das so intelligent ist wie Sie?<\/p>\n\n\n\n<p>Denken Sie daran, ein intelligenter Schreibtisch ist mehr als nur ein Arbeitsplatz; er ist ein Zentrum der Inspiration und Effizienz. Nutzen wir diese Saison optimal aus, mit einem aufgefrischten Raum, der zum Erfolg einl\u00e4dt. Bereit, eingestellt, organisieren!<\/p>\n","protected":false},"excerpt":{"rendered":"<p>Wenn die Sommersonne jeden Abend ein wenig fr\u00fcher untergeht, r\u00fcckt die unvermeidliche R\u00fcckkehr zu Schulglocken und Stundenpl\u00e4nen n\u00e4her. Ob Sie nun ein Student sind, der&hellip;<\/p>\n","protected":false},"author":1,"featured_media":0,"parent":0,"menu_order":0,"comment_status":"closed","ping_status":"open","template":"","meta":{"footnotes":""},"class_list":["post-2","page","type-page","status-publish","hentry"],"yoast_head":"<!-- This site is optimized with the Yoast SEO plugin v25.6 - https:\/\/yoast.com\/wordpress\/plugins\/seo\/ -->\n<title>Vorbereitungen f\u00fcr die Zur\u00fcck zur Schule-Saison - schreibtischorganisation-zuruckzurschule.eu<\/title>\n<meta name=\"description\" content=\"Mit Rabatt auf alles bietet der Zur\u00fcck zur Schule-Verkauf Ihnen das Tor, nicht nur Ihre Produktivit\u00e4tsziele zu erreichen, sondern sie zu \u00fcbertreffen.\" \/>\n<meta name=\"robots\" content=\"index, follow, max-snippet:-1, max-image-preview:large, max-video-preview:-1\" \/>\n<link rel=\"canonical\" href=\"http:\/\/schreibtischorganisation-zuruckzurschule.eu\/\" \/>\n<meta property=\"og:locale\" content=\"pl_PL\" \/>\n<meta property=\"og:type\" content=\"article\" \/>\n<meta property=\"og:title\" content=\"Vorbereitungen f\u00fcr die Zur\u00fcck zur Schule-Saison - schreibtischorganisation-zuruckzurschule.eu\" \/>\n<meta property=\"og:description\" content=\"Mit Rabatt auf alles bietet der Zur\u00fcck zur Schule-Verkauf Ihnen das Tor, nicht nur Ihre Produktivit\u00e4tsziele zu erreichen, sondern sie zu \u00fcbertreffen.\" \/>\n<meta property=\"og:url\" content=\"http:\/\/schreibtischorganisation-zuruckzurschule.eu\/\" \/>\n<meta property=\"og:site_name\" content=\"schreibtischorganisation-zuruckzurschule.eu\" \/>\n<meta property=\"article:modified_time\" content=\"2024-08-30T12:34:27+00:00\" \/>\n<meta property=\"og:image\" content=\"https:\/\/schreibtischorganisation-zuruckzurschule.eu\/wp-content\/uploads\/2024\/08\/nick-morrison-FHnnjk1Yj7Y-unsplash-1024x768.jpg\" \/>\n<meta name=\"twitter:card\" content=\"summary_large_image\" \/>\n<meta name=\"twitter:label1\" content=\"Szacowany czas czytania\" \/>\n\t<meta name=\"twitter:data1\" content=\"5 minut\" \/>\n<script type=\"application\/ld+json\" class=\"yoast-schema-graph\">{\"@context\":\"https:\/\/schema.org\",\"@graph\":[{\"@type\":\"WebPage\",\"@id\":\"http:\/\/schreibtischorganisation-zuruckzurschule.eu\/\",\"url\":\"http:\/\/schreibtischorganisation-zuruckzurschule.eu\/\",\"name\":\"Vorbereitungen f\u00fcr die Zur\u00fcck zur Schule-Saison - schreibtischorganisation-zuruckzurschule.eu\",\"isPartOf\":{\"@id\":\"http:\/\/schreibtischorganisation-zuruckzurschule.eu\/#website\"},\"primaryImageOfPage\":{\"@id\":\"http:\/\/schreibtischorganisation-zuruckzurschule.eu\/#primaryimage\"},\"image\":{\"@id\":\"http:\/\/schreibtischorganisation-zuruckzurschule.eu\/#primaryimage\"},\"thumbnailUrl\":\"https:\/\/schreibtischorganisation-zuruckzurschule.eu\/wp-content\/uploads\/2024\/08\/nick-morrison-FHnnjk1Yj7Y-unsplash-1024x768.jpg\",\"datePublished\":\"2024-08-22T17:55:03+00:00\",\"dateModified\":\"2024-08-30T12:34:27+00:00\",\"description\":\"Mit Rabatt auf alles bietet der Zur\u00fcck zur Schule-Verkauf Ihnen das Tor, nicht nur Ihre Produktivit\u00e4tsziele zu erreichen, sondern sie zu \u00fcbertreffen.\",\"breadcrumb\":{\"@id\":\"http:\/\/schreibtischorganisation-zuruckzurschule.eu\/#breadcrumb\"},\"inLanguage\":\"pl-PL\",\"potentialAction\":[{\"@type\":\"ReadAction\",\"target\":[\"http:\/\/schreibtischorganisation-zuruckzurschule.eu\/\"]}]},{\"@type\":\"ImageObject\",\"inLanguage\":\"pl-PL\",\"@id\":\"http:\/\/schreibtischorganisation-zuruckzurschule.eu\/#primaryimage\",\"url\":\"https:\/\/schreibtischorganisation-zuruckzurschule.eu\/wp-content\/uploads\/2024\/08\/nick-morrison-FHnnjk1Yj7Y-unsplash-scaled.jpg\",\"contentUrl\":\"https:\/\/schreibtischorganisation-zuruckzurschule.eu\/wp-content\/uploads\/2024\/08\/nick-morrison-FHnnjk1Yj7Y-unsplash-scaled.jpg\",\"width\":2560,\"height\":1920},{\"@type\":\"BreadcrumbList\",\"@id\":\"http:\/\/schreibtischorganisation-zuruckzurschule.eu\/#breadcrumb\",\"itemListElement\":[{\"@type\":\"ListItem\",\"position\":1,\"name\":\"Strona g\u0142\u00f3wna\",\"item\":\"http:\/\/schreibtischorganisation-zuruckzurschule.eu\/\"},{\"@type\":\"ListItem\",\"position\":2,\"name\":\"Schreibtisch-fertig &#8211; Vorbereitungen f\u00fcr die Zur\u00fcck zur Schule-Saison\"}]},{\"@type\":\"WebSite\",\"@id\":\"http:\/\/schreibtischorganisation-zuruckzurschule.eu\/#website\",\"url\":\"http:\/\/schreibtischorganisation-zuruckzurschule.eu\/\",\"name\":\"schreibtischorganisation-zuruckzurschule.eu\",\"description\":\"Schreibtisch-fertig - Vorbereitungen f&uuml;r die Zur&uuml;ck zur Schule-Saison\",\"potentialAction\":[{\"@type\":\"SearchAction\",\"target\":{\"@type\":\"EntryPoint\",\"urlTemplate\":\"http:\/\/schreibtischorganisation-zuruckzurschule.eu\/?s={search_term_string}\"},\"query-input\":{\"@type\":\"PropertyValueSpecification\",\"valueRequired\":true,\"valueName\":\"search_term_string\"}}],\"inLanguage\":\"pl-PL\"}]}<\/script>\n<!-- \/ Yoast SEO plugin. -->","yoast_head_json":{"title":"Vorbereitungen f\u00fcr die Zur\u00fcck zur Schule-Saison - schreibtischorganisation-zuruckzurschule.eu","description":"Mit Rabatt auf alles bietet der Zur\u00fcck zur Schule-Verkauf Ihnen das Tor, nicht nur Ihre Produktivit\u00e4tsziele zu erreichen, sondern sie zu \u00fcbertreffen.","robots":{"index":"index","follow":"follow","max-snippet":"max-snippet:-1","max-image-preview":"max-image-preview:large","max-video-preview":"max-video-preview:-1"},"canonical":"http:\/\/schreibtischorganisation-zuruckzurschule.eu\/","og_locale":"pl_PL","og_type":"article","og_title":"Vorbereitungen f\u00fcr die Zur\u00fcck zur Schule-Saison - schreibtischorganisation-zuruckzurschule.eu","og_description":"Mit Rabatt auf alles bietet der Zur\u00fcck zur Schule-Verkauf Ihnen das Tor, nicht nur Ihre Produktivit\u00e4tsziele zu erreichen, sondern sie zu \u00fcbertreffen.","og_url":"http:\/\/schreibtischorganisation-zuruckzurschule.eu\/","og_site_name":"schreibtischorganisation-zuruckzurschule.eu","article_modified_time":"2024-08-30T12:34:27+00:00","og_image":[{"url":"https:\/\/schreibtischorganisation-zuruckzurschule.eu\/wp-content\/uploads\/2024\/08\/nick-morrison-FHnnjk1Yj7Y-unsplash-1024x768.jpg","type":"","width":"","height":""}],"twitter_card":"summary_large_image","twitter_misc":{"Szacowany czas czytania":"5 minut"},"schema":{"@context":"https:\/\/schema.org","@graph":[{"@type":"WebPage","@id":"http:\/\/schreibtischorganisation-zuruckzurschule.eu\/","url":"http:\/\/schreibtischorganisation-zuruckzurschule.eu\/","name":"Vorbereitungen f\u00fcr die Zur\u00fcck zur Schule-Saison - schreibtischorganisation-zuruckzurschule.eu","isPartOf":{"@id":"http:\/\/schreibtischorganisation-zuruckzurschule.eu\/#website"},"primaryImageOfPage":{"@id":"http:\/\/schreibtischorganisation-zuruckzurschule.eu\/#primaryimage"},"image":{"@id":"http:\/\/schreibtischorganisation-zuruckzurschule.eu\/#primaryimage"},"thumbnailUrl":"https:\/\/schreibtischorganisation-zuruckzurschule.eu\/wp-content\/uploads\/2024\/08\/nick-morrison-FHnnjk1Yj7Y-unsplash-1024x768.jpg","datePublished":"2024-08-22T17:55:03+00:00","dateModified":"2024-08-30T12:34:27+00:00","description":"Mit Rabatt auf alles bietet der Zur\u00fcck zur Schule-Verkauf Ihnen das Tor, nicht nur Ihre Produktivit\u00e4tsziele zu erreichen, sondern sie zu \u00fcbertreffen.","breadcrumb":{"@id":"http:\/\/schreibtischorganisation-zuruckzurschule.eu\/#breadcrumb"},"inLanguage":"pl-PL","potentialAction":[{"@type":"ReadAction","target":["http:\/\/schreibtischorganisation-zuruckzurschule.eu\/"]}]},{"@type":"ImageObject","inLanguage":"pl-PL","@id":"http:\/\/schreibtischorganisation-zuruckzurschule.eu\/#primaryimage","url":"https:\/\/schreibtischorganisation-zuruckzurschule.eu\/wp-content\/uploads\/2024\/08\/nick-morrison-FHnnjk1Yj7Y-unsplash-scaled.jpg","contentUrl":"https:\/\/schreibtischorganisation-zuruckzurschule.eu\/wp-content\/uploads\/2024\/08\/nick-morrison-FHnnjk1Yj7Y-unsplash-scaled.jpg","width":2560,"height":1920},{"@type":"BreadcrumbList","@id":"http:\/\/schreibtischorganisation-zuruckzurschule.eu\/#breadcrumb","itemListElement":[{"@type":"ListItem","position":1,"name":"Strona g\u0142\u00f3wna","item":"http:\/\/schreibtischorganisation-zuruckzurschule.eu\/"},{"@type":"ListItem","position":2,"name":"Schreibtisch-fertig &#8211; Vorbereitungen f\u00fcr die Zur\u00fcck zur Schule-Saison"}]},{"@type":"WebSite","@id":"http:\/\/schreibtischorganisation-zuruckzurschule.eu\/#website","url":"http:\/\/schreibtischorganisation-zuruckzurschule.eu\/","name":"schreibtischorganisation-zuruckzurschule.eu","description":"Schreibtisch-fertig - Vorbereitungen f&uuml;r die Zur&uuml;ck zur Schule-Saison","potentialAction":[{"@type":"SearchAction","target":{"@type":"EntryPoint","urlTemplate":"http:\/\/schreibtischorganisation-zuruckzurschule.eu\/?s={search_term_string}"},"query-input":{"@type":"PropertyValueSpecification","valueRequired":true,"valueName":"search_term_string"}}],"inLanguage":"pl-PL"}]}},"_links":{"self":[{"href":"https:\/\/schreibtischorganisation-zuruckzurschule.eu\/index.php\/wp-json\/wp\/v2\/pages\/2"}],"collection":[{"href":"https:\/\/schreibtischorganisation-zuruckzurschule.eu\/index.php\/wp-json\/wp\/v2\/pages"}],"about":[{"href":"https:\/\/schreibtischorganisation-zuruckzurschule.eu\/index.php\/wp-json\/wp\/v2\/types\/page"}],"author":[{"embeddable":true,"href":"https:\/\/schreibtischorganisation-zuruckzurschule.eu\/index.php\/wp-json\/wp\/v2\/users\/1"}],"replies":[{"embeddable":true,"href":"https:\/\/schreibtischorganisation-zuruckzurschule.eu\/index.php\/wp-json\/wp\/v2\/comments?post=2"}],"version-history":[{"count":1,"href":"https:\/\/schreibtischorganisation-zuruckzurschule.eu\/index.php\/wp-json\/wp\/v2\/pages\/2\/revisions"}],"predecessor-version":[{"id":11,"href":"https:\/\/schreibtischorganisation-zuruckzurschule.eu\/index.php\/wp-json\/wp\/v2\/pages\/2\/revisions\/11"}],"wp:attachment":[{"href":"https:\/\/schreibtischorganisation-zuruckzurschule.eu\/index.php\/wp-json\/wp\/v2\/media?parent=2"}],"curies":[{"name":"wp","href":"https:\/\/api.w.org\/{rel}","templated":true}]}}